t d(y) = y**3 + 8*y**2 + 13*y - 15. What is d(-5)?
-5
Let l(g) = -g**2 - 2*g + 12. Determine l(8).
-68
Let d(n) = -n**3 + n**2 + 2*n + 22. Give d(0).
22
Let i(h) = 67*h - 128. Give i(2).
6
Let k(s) = -s**3 + 8*s**2 + 12*s + 84. Calculate k(10).
4
Let j(y) = -y**3 + 4*y**2 + 19*y + 16. Give j(7).
2
Let u(v) = -8*v - 39. Determine u(-6).
9
Let w(f) = -3*f**3 + 24*f**2 - 5*f - 15. Determine w(8).
-55
Let x(p) = 3*p - 31. Give x(7).
-10
Let b(i) = i**3 + 6*i**2 - 15*i + 6. Calculate b(-8).
-2
Let v(t) = 3*t + 10. What is v(-5)?
-5
Let k(x) = -x**3 - 7*x**2 + x - 5. Give k(-5).
-60
Let z(q) = 12*q + 78. Give z(-6).
6
Let i(a) = a**2 + 17*a + 13. What is i(-15)?
-17
Let f(v) = -v**2 - 10*v - 10. Calculate f(-7).
11
Let l(j) = -44*j - 363. Calculate l(-8).
-11
Let i(x) = 17*x + 23. Give i(-1).
6
Let d(t) = 4*t**2 - 2*t - 20. Calculate d(3).
10
Let q(v) = v**3 + 7*v**2 + 10*v - 13. Determine q(-4).
-5
Let b(z) = -89*z. Determine b(-1).
89
Let z(m) = 21*m + 56. What is z(-2)?
14
Let o(x) = x**2 - 10*x - 5. Determine o(7).
-26
Let g(n) = n + 1. Determine g(-6).
-5
Let t(a) = -a**2 - 33*a - 164. Calculate t(-27).
-2
Let o(z) = -2*z + 33. What is o(10)?
13
Let j(b) = -6*b + 19. What is j(2)?
7
Let p(m) = -26*m - 62. What is p(-2)?
-10
Let x(v) = -v**3 + 9*v**2 - 11*v - 2. Give x(8).
-26
Let t(o) = -4*o - 15. Calculate t(-6).
9
Let x(y) = y - 17. Give x(-4).
-21
Let s(j) = 4*j + 4. Determine s(3).
16
Let n(q) = 21*q - 415. What is n(20)?
5
Let o(b) = b**3 - 16*b**2 - 18*b - 16. What is o(17)?
-33
Let d(y) = 7*y**2 + 6*y - 5. Give d(1).
8
Let g(s) = s**3 + s**2 + s - 16. What is g(0)?
-16
Let j(o) = -7*o + 11. Give j(1).
4
Let z(w) = 23*w**3 + 2*w**2 + 2*w + 2. Give z(-1).
-21
Let j(u) = -76*u + 2. What is j(1)?
-74
Let a(c) = c**3 + 15*c**2 + 16*c + 34. Give a(-14).
6
Let z(j) = j**3 + 6*j**2 + 5*j + 24. Give z(-6).
-6
Let w(f) = -f - 2. What is w(-6)?
4
Let u(m) = -m**3 + 4*m - 15. What is u(3)?
-30
Let t(p) = -p**3 + 18*p**2 - 18*p + 7. Calculate t(17).
-10
Let h(u) = 12*u - 90. Determine h(9).
18
Let b(t) = t - 3. Calculate b(10).
7
Let n(y) = -3*y + 2. Calculate n(5).
-13
Let m(x) = -10*x + 40. What is m(4)?
0
Let g(t) = -t**3 + 3*t**2 - 3*t - 1. Give g(2).
-3
Let n(b) = 21*b - 153. Determine n(7).
-6
Let o(l) = -l**2 - 7*l + 8. Determine o(-7).
8
Let s(a) = -a**2 + 15*a - 1. Give s(15).
-1
Let z(v) = v**2 - 3*v + 4. Calculate z(3).
4
Let y(h) = 4*h - 134. Give y(34).
2
Let b(g) = 6*g**2 - 37*g - 28. What is b(7)?
7
Let o(n) = -n**2 - 10*n + 19. What is o(-11)?
8
Let m(d) = d**3 + 7*d**2 - 2*d + 4. What is m(-7)?
18
Let p(d) = d**3 - 8*d**2 + 13*d + 12. Determine p(5).
2
Let z(v) = -v**2 + v - 3. Give z(4).
-15
Let b(n) = -n - 7. What is b(-12)?
5
Let i(g) = -3*g**2 - 83*g - 136. What is i(-26)?
-6
Let v(b) = b**2 - 13*b - 109. What is v(-6)?
5
Let s(k) = -k**3 + 7*k**2 - 3*k + 12. Give s(7).
-9
Let w(s) = 3*s**2 + s - 10. Determine w(-4).
34
Let y(i) = -i**2 - 3*i + 5. What is y(-4)?
1
Let f(o) = o**2 + 4*o - 4. What is f(-6)?
8
Let v(w) = -w**3 - 5*w**2 + 6*w + 6. Calculate v(-6).
6
Let t(g) = g**2 + 9*g + 5. What is t(-8)?
-3
Let r(j) = j**2 - 26. Calculate r(6).
10
Let s(x) = x**2 - 9*x + 12. What is s(5)?
-8
Let x(h) = h - 23. Determine x(5).
-18
Let g(u) = 2*u + 16. What is g(-11)?
-6
Let r(l) = -l**3 - 15*l**2 - 9*l + 4. Determine r(-14).
-66
Let t(c) = 4*c**2 - c - 3. Give t(-3).
36
Let y(v) = v**3 + 43*v**2 - 3*v - 128. Determine y(-43).
1
Let p(i) = i**3 + 7*i**2 - 7*i + 11. Determine p(-8).
3
Let z(q) = 4*q + 3. Calculate z(-4).
-13
Let x(k) = -29*k - 13. Give x(-3).
74
Let v(j) = -3*j - 1. Give v(-4).
11
Let j(k) = 2*k**3 + 20*k**2 + 19*k + 6. What is j(-9)?
-3
Let x(u) = -3*u**2. Determine x(1).
-3
Let h(r) = r**2 - 2*r - 1. Determine h(4).
7
Let c(j) = -j**3 - 2*j**2 - 2*j + 2. What is c(-4)?
42
Let w(z) = -25*z - 6. Give w(3).
-81
Let h(m) = -m**3 - 13*m**2 - 27*m - 33. Determine h(-11).
22
Let a(j) = -j - 4. Determine a(4).
-8
Let j(w) = -w**3 - 9*w**2 - 16*w - 10. Calculate j(-5).
-30
Let h(m) = -m**3 - 14*m**2 + 16*m + 222. Determine h(-14).
-2
Let j(o) = 3*o**3 - o**2 - 6*o - 5. Calculate j(-3).
-77
Let o(k) = -k**3 - 5*k**2 - k - 1. What is o(-4)?
-13
Let q(v) = v**2 + 2*v - 1. What is q(-3)?
2
Let v(s) = s**2 - 47*s - 364. What is v(54)?
14
Let v(b) = -4*b - 4. Give v(-2).
4
Let j(x) = 14*x**2 + 4*x + 2. Give j(-1).
12
Let p(j) = -10*j + 28. Calculate p(8).
-52
Let r(i) = -14*i + 35. Give r(3).
-7
Let v(j) = -j**2 - 6*j - 10. Calculate v(-9).
-37
Let v(h) = 3*h**3 - 3*h**2 - 4. Calculate v(3).
50
Let d(r) = -38*r + 112. Determine d(3).
-2
Let g(w) = -w**3 + 8*w**2 - 3*w + 5. Give g(8).
-19
Let b(t) = 2*t + 64. What is b(-29)?
6
Let l(z) = -z**3 + 4*z**2 - 2*z + 8. What is l(4)?
0
Let b(u) = -3*u - 13. Determine b(-1).
-10
Let g(r) = r - 28. Calculate g(14).
-14
Let h(a) = -a**2 - 3*a - 6. Determine h(-3).
-6
Let r(j) = j**3 + 21*j**2 - 22*j + 15. Give r(-22).
15
Let r(h) = -6*h**2 - h + 1. Determine r(-1).
-4
Let m(q) = 3*q**3 - 2*q**2 + 3*q - 2. Determine m(1).
2
Let w(c) = -c**3 - 10*c**2 - 8*c - 27. Give w(-9).
-36
Let a(z) = 3*z**2 + 3*z - 11. Calculate a(0).
-11
Let r(s) = -s**2 - 19*s - 33. Determine r(-17).
1
Let s(o) = 6*o - 23. What is s(-23)?
-161
Let s(c) = 2*c**2 - 6*c + 6. Give s(4).
14
Let f(m) = -22*m**3 - 2*m**2 + m - 1. What is f(2)?
-183
Let p(b) = b**2 - b - 3. Give p(5).
17
Let k(w) = 5*w + 15. What is k(-6)?
-15
Let k(q) = q**2 + 16*q + 54. Calculate k(-10).
-6
Let q(p) = -p**2 - 2*p + 11. What is q(-5)?
-4
Let v(q) = -38*q**2 - 345*q - 19. Calculate v(-9).
8
Let i(f) = -2*f**3 + 14*f**2 - 5*f - 22. Determine i(6).
20
Let g(y) = 2*y**3 + 27*y**2 + 14*y - 2. Determine g(-13).
-15
Let g(k) = -k**3 - k**2 + 2. What is g(-2)?
6
Let d(m) = -m**2 - 9*m - 4. What is d(-11)?
-26
Let p(a) = 6*a - 3. Calculate p(0).
-3
Let b(d) = 2*d**2 - 9*d - 7. Determine b(7).
28
Let m(z) = z**2 + 11*z - 21. Calculate m(-10).
-31
Let s(t) = t**2 - 36*t - 162. Give s(41).
43
Let o(x) = x**2 + 8*x + 8. Give o(-6).
-4
Let m(q) = -4*q**2 + 5*q - 2. Calculate m(3).
-23
Let l(n) = -12*n + 14. What is l(6)?
-58
Let n(b) = -2*b**2 - 8*b + 8. What is n(-4)?
8
Let u(x) = x + 7. Give u(-2).
5
Let m(k) = -k**3 + 12*k**2 + 27*k + 17. Give m(14).
3
Let y(k) = k**2 - 6*k + 12. What is y(7)?
19
Let c(q) = -7*q**3 - 3*q - 2. Give c(-1).
8
Let l(h) = -h**3 + 11*h**2 + 14*h + 16. Determine l(13).
-140
Let y(w) = -w**2 + 10*w - 26. Give y(0).
-26
Let r(c) = -164*c**3 - 1. What is r(1)?
-165
Let k(f) = f**2 + 5*f - 4. Determine k(-6).
2
Let c(r) = -2*r**3 - 3*r**2 + 3*r + 7. Give c(-2).
5
Let l(m) = m**3 - m + 15. Determine l(0).
15
Let k(o) = -3*o + 4. Calculate k(3).
-5
Let p(b) = -4*b. Calculate p(1).
-4
Let o(u) = u**3 + 8*u**2 - 2*u - 1. Calculate o(-7).
62
Let v(t) = -3*t - 12. Give v(0).
-12
Let s(o) = 8*o - 82. Give s(11).
6
Let y(x) = -x**2 - 12*x + 3. Calculate y(3).
-42
Let x(p) = -6*p - 1. What is x(-1)?
5
Let s(l) = -l**3 + 8*l**2 + 3*l - 7. Give s(8).
17
Let i(x) = x**2 - 8*x + 3. Determine i(9).
12
Let i(t) = -2*t**2 + 111*t - 168. Determine i(54).
-6
Let i(c) = -6*c - 3. Give i(-2).
9
Let i(t) = t**3 + 15*t**2 - 17*t - 18. Determine i(-16).
-2
Let i(c) = c**3 - 38*c**2 + 15. Determine i(38).
15
Let b(h) = h**3 + h**2 - 5*h - 4. Calculate b(-3).
-7
Let g(a) = 2*a**2 - a + 4. What is g(-3)?
25
Let c(s) = -s + 7. What is c(9)?
-2
Let t(r) = r**2 + 13*r + 7. Determine t(-10).
-23
Let y(g) = g**2 + 18*g + 59. Give y(-4).
3
Let a(j) = j**2 - 28*j - 117. Give a(32).
11
Let o(p) = p**3 - 12*p**2 - p + 8. Give o(12).
-4
Let h(b) = 2*b**2 - 93*b + 43. What is h(46)?
-3
Let s(w) = -w + 6. What is s(11)?
-5
Let s(y) = y**2 - 13*y - 1. Determine s(0).
-1
Let z(k) = -9*k + 93. Give z(12).
-15
Let j(k) = 2*k**3 - 6*k**2 + 4*k + 1. Give j(4).
49
Let v(x) = 3*x - 42. Determine v(16).
6
Let q(j) = j**2 + j - 15. What is q(0)?
-15
Let y(k) = -5*k**2 + 115*k - 4. Give y(23).
-4
Let b(v) = -v**3 - 5*v**2 - 5. Give b(-5).
-5
Let u(o) = -o**3 - 8*o**2 + 13*o + 19. Determine u(-9).
-17
Let l(w) = 2*w**2 + 2*w - 4. What is l(2)?
8
Let m(x) = x**2 - 22*x + 38. What is m(23)?
61
Let a(o) = 4*o**2 - 2*o + 7. Give a(3).
37
Let x(i) = i**3 + 7*i**2 - 2*i - 45. Give x(-4).
11
Let i(g) = g**3 - 7*g**2 - 2*g + 5. Determine i(5).
-55
Let x(o) = -o**2 - 44*o - 80. Calc